6, 0*w + 5*w = -o + 21. Let v = o - 11. Let l(s) = s**3 + 4*s**2 - 5*s - 2. Give l(v).
-2
Let h(i) be the third derivative of -i**5/120 - 5*i**4/24 + i**3/6 + 4*i**2. Let v(s) be the first derivative of h(s). What is v(4)?
-9
Let f = -33 - -39. Let n(y) = -y**3 + 7*y**2 - 5*y - 2. Give n(f).
4
Let i(d) be the first derivative of d**3/3 + d**2/2 - d + 2. Let l = 0 + 5. Suppose -5*k + 0 = -l. Determine i(k).
1
Let c(u) be the first derivative of u**4/4 - u**3/3 + 3*u**2/2 + 3. Let y(l) be the second derivative of c(l). Give y(2).
10
Let s = -6 - 0. Let j = -5 - s. Let o(x) = 2*x + 2*x - 4*x + 3*x. What is o(j)?
3
Let l(t) = 3*t - 7. Let k be (-5)/((-3)/(-3) - 0). Let o be -1 + (-2 - -3 - k). Determine l(o).
8
Let n(s) = -s**2 - 7*s - 6. Let r be (-10)/(-50) + 19/5. Suppose r*d = -5*q - 0*d - 10, 4*d = 2*q + 32. What is n(q)?
0
Let p(b) = -3*b - 2. Suppose 5*h + 100 = -3*j - 2*j, -5*j - 3*h - 94 = 0. Let g = j - -20. Determine p(g).
-11
Let h(s) = 2*s**2 - 1. Let w(z) = -z + 8. Let i be w(6). Calculate h(i).
7
Suppose -3*v - v + 24 = 0. Suppose 3 = -4*w + q, v = -2*w - w + 2*q. Let h(o) = -o**2 - 5 - o - 2*o + o**3 + w*o**2 - 3*o**2. What is h(5)?
5
Let m(o) = -o**3 + 4*o**2 + 2. Suppose -4*t - c - 6 + 20 = 0, -c - 6 = -t. Suppose -3*h = -4*h + t. What is m(h)?
2
Let a = -12 - -17. Let c(k) = 2 + 19*k + 17*k - 37*k. What is c(a)?
-3
Let n(r) be the third derivative of 0 + 3/2*r**3 + 4*r**2 + 0*r + 1/60*r**5 + 1/24*r**4 - 1/120*r**6. What is n(0)?
9
Let v(f) = f - 1. Let i(u) be the second derivative of -u**4/12 + u**3 + 5*u**2/2 - 2*u. Let z be i(7). Let m be (1 - 6/4)*z. Calculate v(m).
0
Let v(b) be the third derivative of b**5/60 + b**4/6 + b**3/6 - 3*b**2. Calculate v(-3).
-2
Let g(m) = -23 + m**3 - 3*m**2 + 27 + m**3 - m**3. Give g(3).
4
Suppose 5*q = -2*v + 4, 3*q - 8 = -4*v - 2*q. Let h(y) = -2*y**3 + 3*y**2 - 2*y + 2. Calculate h(v).
-6
Let s(f) = -f - 1. Let g(y) = 0*y - 2 + 5*y + 3 - 3*y. Let l(o) = -g(o) - s(o). Determine l(-4).
4
Let b(m) = 4 - 6*m + m - m**2 + 1. Let r be b(-5). Let a(y) = y**2 - 3*y**2 - r*y + 2 + 3*y**2. What is a(4)?
-2
Let b(f) = f**2 - 5*f + f**2 + 1 - 3*f**2. Suppose 2*c = -0*c - 2, m + 9 = -3*c. Calculate b(m).
-5
Let u(c) be the third derivative of -c**5/60 - c**4/4 + c**3 - 6*c**2. Determine u(-5).
11
Let c = -4 + 4. Let x be (-1)/(1 - c) + -2. Let k(q) be the third derivative of q**6/120 + q**5/20 - q**3/3 - 2*q**2. Give k(x).
-2
Let d(g) = 4*g**3 - 1. Let p(t) = -2*t**2 - 2*t - 1. Let b be p(-1). Determine d(b).
-5
Let u(q) be the third derivative of q**6/360 + q**5/120 + q**4/8 + q**2. Let z(r) be the second derivative of u(r). Determine z(-2).
-3
Let v(t) = t**2 + 7*t + 6. Let p be v(-6). Let o(n) = 0*n - n**3 + 0*n + p*n**3 - n. Suppose -5*g - 1 = -c, c + 3*c = 2*g + 4. Determine o(g).
0
Let s(g) = 6*g**3 + g**2 - g. Suppose 1 = -2*y + 3. Calculate s(y).
6
Let k(n) be the first derivative of -n**4/4 + n**2/2 - 2. Let m(o) = -o**3 + 3*o**2 + 4*o + 3. Let u(x) = -2*k(x) + m(x). Calculate u(-3).
-3
Suppose 3*a + a - 12 = 0. Suppose 0 = a*o - 4*g - 16, -2*g + 12 = -2*o - 5*g. Suppose o = 4*d + d. Let i(p) = -p + 6. What is i(d)?
6
Let r be -8 - -11 - (-1 + 0). Let f(l) = l**2 - 10*l + 4. Let j(m) = m. Let h(c) = -f(c) - 6*j(c). What is h(r)?
-4
Let l = -2 - 1. Let g(u) = -u**2 - 1 - 2*u - 1 + 4. What is g(l)?
-1
Let v(f) = f**2 + 3*f + 3. Let t be (-2 - -2)/(-3 + 4). Suppose t*h = 2*h + 4. What is v(h)?
1
Let o(i) = -i**2 - 2*i - 1. Let p be o(-1). Let u(x) be the first derivative of 1/3*x**3 - 3*x + 0*x**2 + 1. What is u(p)?
-3
Let q(s) = s**2 + 2*s - 5. Let i = 13 - 10. Suppose 5*f - 16 - 4 = 0. Suppose -f*x + 1 = -2*b + 13, 14 = -i*x - b. What is q(x)?
3
Let g(c) = 16*c - c**2 - 34*c - 3 + 19*c. Determine g(0).
-3
Let n(z) = 5*z - 1. Suppose 4*j = -2*y + 4, -5*y = 4*j - 6 - 10. What is n(j)?
-6
Let a(g) = 2*g - 12. Let j(d) = 3*d - 18. Let v(n) = 7*a(n) - 5*j(n). What is v(4)?
2
Let f(j) = -3*j - 1. Let o = 6 + -2. Suppose -z - 3*z - 24 = -o*v, -9 = -z - 4*v. What is f(z)?
8
Let q(m) be the second derivative of m**5/20 - 5*m**4/12 + m**3/6 - m**2/2 - 3*m. Let j be q(5). Let g(p) = j*p - 2*p + p - 4*p. Calculate g(4).
-4
Let g(k) = -k**3 + 1 - 10*k**2 + 6*k**2 + 2 + 4*k. Let p = 2 - 7. Determine g(p).
8
Let o be 2/(2*1) + 1. Let t(l) = -3 - 5 - 2*l + 6. Calculate t(o).
-6
Let g(j) = 2*j - 3. Suppose 3*n + 4 = 4*f, -n - f = 4*f + 14. Give g(n).
-11
Let j(x) = -x**3 - 4*x**2 + 1. Let f be (0 + 1)/((-3)/(-12)). Suppose 5*m = v + 4 - 0, 0 = -f*m. Give j(v).
1
Let z(j) be the second derivative of -1/2*j**2 + 1/60*j**5 + 0 + 1/6*j**4 + j + 1/2*j**3. Let g(k) be the first derivative of z(k). Calculate g(-3).
0
Let z = -228 - -225. Let s(x) be the first derivative of -x**2 + 1. Calculate s(z).
6
Let l(h) = -8 + 0*h + 17 - h + 0*h. Calculate l(0).
9
Let t(o) = -o**3 - 7*o**2 + o + 10. Let k be t(-7). Suppose -k*r = -w, 2*r = 3*w - w. Let n(h) = h**3 - h - 3. Calculate n(w).
-3
Let p(a) be the third derivative of 1/6*a**3 + 0*a + 0 - 1/6*a**4 + 3*a**2. Determine p(-1).
5
Let s(r) be the second derivative of -r**6/360 + r**4/6 - r**3/6 + 5*r. Let g(b) be the second derivative of s(b). What is g(-3)?
-5
Suppose -3*y = 2*y + 2*w - 3, -3*y + 4*w + 7 = 0. Let u(z) = 3*z**3 - 2*z**2 + 2*z - 1. Determine u(y).
2
Suppose 4*v = 3*t - 58, 26 + 10 = 2*t - 2*v. Let u be 6/(-21) - 10/t. Let n(p) = -2*p - p + 7*p. Determine n(u).
-4
Let i(r) = -r + 16. Let u(h) = h - 11. Let z(p) = 5*i(p) + 8*u(p). Give z(6).
10
Let f(t) = -t. Let d(k) = -3*k + 1. Let z(a) = -2*d(a) + 7*f(a). Suppose 3*g - 2*g = -5. Let l(s) = -1. Let n(c) = g*l(c) - z(c). Determine n(-6).
1
Let i(n) = -n + 1. Let m be i(-2). Let k(w) = 4*w**m - w**2 - 3 - 8*w + 4*w - 3*w**3. Give k(-2).
-7
Let y(u) = -3*u**3 + 3*u**2 - 2*u - 4. Let h(v) = -4*v**3 + 2*v**2 - v - 5. Let l(g) = -2*h(g) + 3*y(g). Determine l(4).
-2
Let k(f) = -f**3 + 9*f**2 + 10*f + 3. Let c be k(10). Let s(z) = 2*z. Let b(w) = w. Let p(d) = c*b(d) - s(d). Give p(5).
5
Let q(n) = n + 1469 - 1482 + 0*n. Calculate q(10).
-3
Let y(o) = o - 1. Let r = 5 + -19. Let u be (0 - 1)*(0 - -9). Let f = u - r. Determine y(f).
4
Let y(f) be the second derivative of -f**4/12 - 2*f**3/3 - f**2 - 18*f. Give y(-3).
1
Let w = 9 + -6. Let z(g) = 0*g**3 - 3 + 2 + g**w - 5*g**2. What is z(5)?
-1
Let l = 4321/20 + -216. Let w(d) be the third derivative of 0 - l*d**5 + d**2 - 1/8*d**4 + 0*d + 0*d**3. What is w(-2)?
-6
Let l(t) = 3*t - 4. Let f = -54 - -59. Determine l(f).
11
Let u(f) = f**3 + 6*f**2 + 4*f + 7. Suppose -5*l - 4*n - 17 = 12, 3*n = -3*l - 18. Calculate u(l).
12
Let h(b) = 2*b - 7. Let g be h(6). Suppose -20 = g*i - 5. Let s(o) = 5 - 3*o + 15 - 36 + 14. Give s(i).
7
Let h(w) = w. Let i(j) = 3*j - 2. Let o(f) = 4*h(f) - i(f). Let u(b) = 3*b - 1. Let p be u(-5). Let z = p + 11. What is o(z)?
-3
Let s(x) = -5 - 2 - x + 2*x. Let u(r) = -r + 6. Let k(n) = -n + 6. Let d(z) = -3*k(z) + 4*u(z). Let i(y) = -5*d(y) - 4*s(y). Determine i(1).
-1
Let r(a) = -a**3 - 2*a**2 + 3*a + 2. Suppose 7*c - 4*c = 0. Let o = c - 3. What is r(o)?
2
Let i be -2 + -8 + 3/(-1)*-1. Let f(x) = x**2 + 7*x - 6. Determine f(i).
-6
Let i(t) be the second derivative of t**4/6 - t**3/2 + t**2/2 + t. Suppose -2*r + 0 + 10 = 0. Let x(o) = -o**2 + 6*o - 2. Let f be x(r). Calculate i(f).
10
Suppose -2*a - 3 = 11. Let v(k) = -k - 16. Give v(a).
-9
Let v(a) = -3*a**2 + 7*a + 1. Let u(d) = -3*d**2 + 6*d + 1. Let b(h) = -6*u(h) + 5*v(h). Let p(i) be the first derivative of b(i). Give p(-1).
-7
Let l(k) = -k**3 + k**2 + k - 6. Let n(p) be the third derivative of -p**4/24 + p**3/3 - 3*p**2. Let s be n(2). Calculate l(s).
-6
Let a(v) = -v**2 + v. Let o(h) = -7*h**2 + 12*h - 4. Let c(q) = 6*a(q) - o(q). Let r = -6 + 11. Suppose -4*u + 13 = 3*w - 19, -5*w = r*u - 45. Calculate c(u).
-1
Let m(r) = r**2 - 8 + 7*r + 8. Let y be m(-6). Let h(s) = -s**3 - 7*s**2 - 4*s + 7. Give h(y).
-5
Let q be 1 - ((0 - 1) + -2). Suppose -2*h + 17 = 5*j, h + 2*h - 15 = -q*j. Let r(i) be the second derivative of -3*i**5/10 + i**4/12 + i. What is r(h)?
-5
Let k(l) be the second derivative of l**3/3 + 7*l**2/2 + 5*l. Determine k(-6).
-5
Let v be (2/3)/(30/45). Let f(z) = 2*z**3 + 2*z**2 + 3*z - 1. Let t(p) = 2*p**3 + 3*p**2 + 4*p - 1. Let x(b) = 3*f(b) - 2*t(b). Calculate x(v